remainder when 31998 is divided by 561.
21
What is the remainder when 32795 is divided by 46?
43
Calculate the remainder when 594424 is divided by 29.
11
Calculate the remainder when 109295 is divided by 48.
47
What is the remainder when 133294 is divided by 3251?
3
Calculate the remainder when 2046 is divided by 27.
21
What is the remainder when 197817 is divided by 18?
15
Calculate the remainder when 40346 is divided by 13444.
14
Calculate the remainder when 1011 is divided by 256.
243
What is the remainder when 201 is divided by 20?
1
What is the remainder when 34035 is divided by 460?
455
Calculate the remainder when 8445 is divided by 2438.
1131
Calculate the remainder when 12911 is divided by 234.
41
What is the remainder when 7430 is divided by 63?
59
What is the remainder when 13972 is divided by 140?
112
Calculate the remainder when 564573 is divided by 317.
313
Calculate the remainder when 2668 is divided by 2624.
44
What is the remainder when 6180221 is divided by 894?
893
What is the remainder when 40008 is divided by 118?
6
What is the remainder when 2463168 is divided by 13172?
4
Calculate the remainder when 1940 is divided by 195.
185
Calculate the remainder when 1632 is divided by 502.
126
Calculate the remainder when 77364 is divided by 879.
12
Calculate the remainder when 164379 is divided by 41091.
15
Calculate the remainder when 12847 is divided by 4279.
10
Calculate the remainder when 7501 is divided by 299.
26
Calculate the remainder when 11627 is divided by 129.
17
What is the remainder when 146946 is divided by 63?
30
Calculate the remainder when 642429 is divided by 26.
21
Calculate the remainder when 54913 is divided by 454.
433
Calculate the remainder when 14338 is divided by 4769.
31
Calculate the remainder when 102508 is divided by 402.
400
Calculate the remainder when 11448 is divided by 879.
21
What is the remainder when 981 is divided by 171?
126
What is the remainder when 5100 is divided by 71?
59
What is the remainder when 9706 is divided by 864?
202
What is the remainder when 3386294 is divided by 45?
44
What is the remainder when 22459 is divided by 239?
232
Calculate the remainder when 24748 is divided by 11.
9
Calculate the remainder when 7584 is divided by 223.
2
What is the remainder when 42741 is divided by 555?
6
Calculate the remainder when 111258 is divided by 67.
38
What is the remainder when 25798 is divided by 2875?
2798
What is the remainder when 2641 is divided by 318?
97
Calculate the remainder when 66156 is divided by 21973.
237
Calculate the remainder when 49823 is divided by 47.
3
Calculate the remainder when 5991 is divided by 2451.
1089
What is the remainder when 97783 is divided by 68?
67
What is the remainder when 16776 is divided by 119?
116
Calculate the remainder when 149429 is divided by 1075.
4
Calculate the remainder when 128568 is divided by 128565.
3
Calculate the remainder when 233356 is divided by 57.
55
What is the remainder when 81950 is divided by 95?
60
What is the remainder when 6032061 is divided by 1412?
1409
Calculate the remainder when 2405 is divided by 617.
554
Calculate the remainder when 60153 is divided by 542.
533
What is the remainder when 20834 is divided by 867?
26
What is the remainder when 12311 is divided by 352?
343
What is the remainder when 35083 is divided by 344?
339
Calculate the remainder when 114069 is divided by 49.
46
What is the remainder when 2951 is divided by 15?
11
Calculate the remainder when 4620876 is divided by 2360.
2356
What is the remainder when 90390 is divided by 446?
298
Calculate the remainder when 6186 is divided by 515.
6
Calculate the remainder when 1622033 is divided by 873.
872
Calculate the remainder when 32143 is divided by 287.
286
What is the remainder when 7155 is divided by 446?
19
What is the remainder when 27422 is divided by 99?
98
What is the remainder when 163758 is divided by 1213?
3
Calculate the remainder when 140375 is divided by 2034.
29
Calculate the remainder when 3209 is divided by 790.
49
Calculate the remainder when 101438 is divided by 459.
458
Calculate the remainder when 18388 is divided by 46.
34
What is the remainder when 110243 is divided by 3062?
11
Calculate the remainder when 63310 is divided by 532.
2
What is the remainder when 17780 is divided by 47?
14
Calculate the remainder when 5093 is divided by 1278.
1259
Calculate the remainder when 22440 is divided by 974.
38
Calculate the remainder when 372226 is divided by 45.
31
Calculate the remainder when 15799 is divided by 12.
7
What is the remainder when 405517 is divided by 2101?
24
Calculate the remainder when 50941 is divided by 121.
0
What is the remainder when 23743 is divided by 321?
310
What is the remainder when 22414 is divided by 350?
14
Calculate the remainder when 22084 is divided by 491.
480
Calculate the remainder when 2984 is divided by 1468.
48
What is the remainder when 35656 is divided by 5940?
16
What is the remainder when 2804 is divided by 758?
530
Calculate the remainder when 21906 is divided by 7284.
54
Calculate the remainder when 1036 is divided by 116.
108
What is the remainder when 4190 is divided by 279?
5
What is the remainder when 26020 is divided by 8?
4
Calculate the remainder when 2444 is divided by 965.
514
What is the remainder when 2307 is divided by 231?
228
What is the remainder when 7168 is divided by 261?
121
Calculate the remainder when 6596 is divided by 94.
16
Calculate the remainder when 33997 is divided by 27.
4
Calculate the remainder when 323672 is divided by 6.
2
What is the remainder when 121527 is divided by 8?
7
What is the remainder when 82498 is divided by 330?
328
Calculate the remainder when 10679 is divided by 371.
291
Calculate the remainder when 161181 is divided by 6.
3
What is the remainder when 39052 is divided by 180?
172
What is the remainder when 32050 is divided by 517?
513
Calculate the remainder when 20671 is divided by 6796.
283
What is the remainder when 3638 is divided by 900?
38
What is the remainder when 58763 is divided by 493?
96
What is the remainder when 56353 is divided by 138?
49
What is the remainder when 2460 is divided by 2454?
6
Calculate the remainder when 13468 is divided by 313.
9
What is the remainder when 33903 is divided by 5648?
15
Calculate the remainder when 801889 is divided by 364.
361
What is the remainder when 100346 is divided by 39?
38
What is the remainder when 842291 is divided by 104?
99
Calculate the remainder when 64841 is divided by 107.
106
What is the remainder when 461343 is divided by 1109?
1108
What is the remainder when 5782 is divided by 2890?
2
Calculate the remainder when 918795 is divided by 400.
395
What is the remainder when 1491 is divided by 191?
154
Calculate the remainder when 18356 is divided by 956.
192
What is the remainder when 1887078 is divided by 760?
758
Calculate the remainder when 15871 is divided by 64.
63
What is the remainder when 38311 is divided by 38311?
0
Calculate the remainder when 138751 is divided by 18.
7
Calculate the remainder when 818525 is divided by 468.
461
What is the remainder when 2251 is divided by 26?
15
Calculate the remainder when 10472 is divided by 91.
7
What is the remainder when 10100 is divided by 2521?
16
What is the remainder when 19484 is divided by 3?
2
What is the remainder when 2245 is divided by 148?
25
What is the remainder when 207640 is divided by 69211?
7
Calculate the remainder when 113117 is divided by 22.
15
What is the remainder when 366812 is divided by 377?
368
What is the remainder when 47742 is divided by 438?
0
Calculate the remainder when 13854 is divided by 33.
27
What is the remainder when 80488 is divided by 442?
44
Calculate the remainder when 27658 is divided by 11.
4
What is the remainder when 103593 is divided by 97?
94
Calculate the remainder when 2037289 is divided by 32.
9
What is the remainder when 550149 is divided by 183371?
36
What is the remainder when 27343 is divided by 294?
1
Calculate the remainder when 971 is divided by 106.
17
What is the remainder when 1477 is divided by 164?
1
What is the remainder when 3890 is divided by 189?
110
Calculate the remainder when 38258 is divided by 796.
50
Calculate the remainder when 13459 is divided by 15.
4
W